1288). Calculate the highest common factor of s and 5198.
46
Let w be (-24)/18*(0 + (-39)/(-2)). Let k = w + 29. Suppose 0 = -m - 3*s + 5, -k*m - 4*s = -m - 18. Calculate the highest common divisor of m and 51.
17
Let d be 2/48*-3 - (-2364)/(-32). Let r = -66 - d. Suppose 2*w + 7 = 2*l + 31, -3*w = -2*l - 36. What is the greatest common factor of w and r?
4
Let r(u) = 76*u**2 + 30*u + 7. Let l be r(7). Let j = l + -1356. Suppose -3*s + j = 2*s. Calculate the highest common factor of s and 47.
47
Suppose 4*k - 49*k + 51771 = 8031. What is the greatest common divisor of k and 1548?
36
Let l(b) = b**2 - 1333*b + 17170. Let w be l(13). Calculate the highest common divisor of w and 12770.
10
Let b(h) = 25*h - 212. Let y be b(10). Let q = 54 - y. Calculate the highest common divisor of 656 and q.
16
Let r = 507625 - 507482. Suppose -j = -3*h - 22 - 6, 5*j + 4*h - 45 = 0. Calculate the greatest common factor of r and j.
13
Let u be (232 - 38) + (-16)/((-32)/26). Suppose -3*q = 3*i - 75, 5*q - 2*i + 3*i - 117 = 0. Calculate the greatest common factor of q and u.
23
Suppose 26*s - 1238 = 764. Let m = -5 - -16. Calculate the greatest common divisor of s and m.
11
Let s(k) = -6*k + 90. Let a be s(-8). Suppose t - a = -4*z, -5*t + 888 = z + 103. What is the highest common divisor of t and 2?
2
Suppose 0 = -48*b + 16*b + 85248. What is the highest common divisor of 144 and b?
72
Let t = -25645 + 26625. Calculate the highest common factor of t and 2303.
49
Let c be -7*(-1 - 30/(-14)). Let w be c*(-6)/8 - (-60)/2. Calculate the highest common divisor of w and 360.
36
Let a = -239 - -323. Calculate the highest common divisor of a and 1162.
14
Let y(o) = -6*o**3 + 16*o**2 + 31*o - 108. Let w be y(-4). Let k(q) = 2*q + 7. Let l be k(5). Calculate the highest common factor of l and w.
17
Suppose 0 = -4*d + 3*q + 8016, -54*d = -59*d + 5*q + 10030. What is the highest common factor of 1258 and d?
74
Let x = -88 - -19. Let c(j) = 4*j**2 - 68*j - 44. Let z be c(16). Let d = x - z. Calculate the highest common divisor of 3 and d.
3
Let o = 333 + -340. Let h be o + 1 + 123/1. Calculate the highest common factor of h and 104.
13
Let x be (-428)/642*((-2 - -2) + -96). What is the greatest common divisor of x and 80?
16
Let o(b) = -b**2 - 7*b - 8. Let m be o(-6). Let a be 1/m*14/(-3)*3. Suppose -a - 48 = -y. What is the highest common factor of y and 5?
5
Let z = 2443 - 1608. Suppose -k = 3*r - 481, -3*r + z = 2*r - 5*k. What is the greatest common divisor of r and 6?
6
Suppose 4*q - 1670 = 2*p - 364, 3*q = 4*p + 982. Calculate the greatest common divisor of 6 and q.
2
Let f be 5133 + (-1 - 7 - 0/7). Calculate the highest common factor of f and 100.
25
Let n = 5834 - 5780. Calculate the highest common divisor of n and 24246.
54
Suppose -1800805 = -482*c - 56447. What is the greatest common factor of c and 940?
47
Let d = 33 - 16. Let x be -4*(-65)/22 - 14/(-77). Suppose -250 = -d*k + x*k. What is the highest common divisor of k and 20?
10
Suppose -t = t + k - 130, -2*t = -5*k - 130. Suppose -26*h + 12305 - 1684 = -4589. What is the highest common factor of t and h?
65
Let t(f) = -1684*f + 98 - 1631*f + 3281*f + 2*f**2. Let s be t(14). What is the highest common divisor of 532 and s?
14
Let p = -234 + 228. Let r be (p/(-4))/(34/136). What is the highest common divisor of r and 4?
2
Let x be (-2 - (-17)/2)/(14/476). Let s = -89 + x. Let p be ((-1)/(-2))/(1/s). What is the greatest common factor of p and 6?
6
Let w(r) = 81*r**3 - 5*r**2 + 6*r. Let u be w(1). Let a be (0 - -2)*41/2. What is the highest common factor of a and u?
41
Let s be (-2)/(-8) + (-141)/(-12). Let i = -146 + 14. Let q be 44 + ((-4)/10 - i/30). Calculate the greatest common divisor of s and q.
12
Let s be ((-17808)/159)/(2/(-67)). Calculate the highest common factor of 140 and s.
28
Let p = -5221 + 5243. Calculate the highest common divisor of p and 17.
1
Let y be (3168/4)/3 + -2. Let x = y + 74. Suppose -3*s - n = s - 170, 3*s - 118 = 4*n. Calculate the highest common divisor of x and s.
42
Suppose -1149*w + 190 = -1148*w - 5*o, -5*w + 4*o + 950 = 0. What is the highest common factor of w and 494?
38
Let d = 1009 - 255. What is the highest common divisor of d and 130?
26
Let v(w) = -19*w**3 + w + 2. Let f be v(-1). Let m(j) = -15*j**2. Let c be m(1). Let u be (-4 + 19)*(-12)/c. Calculate the greatest common divisor of f and u.
4
Let d = 538 + -313. Let g be (-4)/38 + 5247/209. Calculate the highest common divisor of d and g.
25
Let v(h) = 40*h + 48. Let l be v(-1). Let c be -39*(24/l - 4). Let s = 12 + 14. What is the highest common factor of c and s?
13
Let h be (348/30 - 6)*5. Suppose 544 = h*b - 11*b. What is the greatest common divisor of b and 160?
32
Suppose u + 2*t = 5, 4*t + 0*t = -u + 9. Let l = 21 + 10. Let f = -22 + l. Calculate the greatest common divisor of u and f.
1
Let y = 321 + -179. Let t = y - 40. Let q = -84 + t. Calculate the highest common factor of 198 and q.
18
Let m be ((120/(-9))/5)/(893/(-99) + 9). Let v(q) = 7*q**2 - 8*q - 17. Let i be v(-5). What is the highest common divisor of i and m?
66
Suppose -85*i = 127*i - 53*i - 1431. Let o(c) = -c**3 - c**2 - c + 18. Let d be o(0). What is the highest common divisor of d and i?
9
Let j be (-1383)/(-6) + -2 - 6/(-4). Suppose -2*t = 5*f - 204, -5*t - 5*f - 157 + 637 = 0. What is the highest common divisor of j and t?
46
Suppose -15 = 5*c, -3*a - 3*c + 6*c = -297. Let k = 186 - 101. Let l = -61 + k. What is the greatest common factor of a and l?
24
Suppose 2*c = -4*y + 11101 + 18373, -5*y + 36847 = 4*c. Calculate the highest common factor of y and 53.
53
Let x be (-15)/5*1 - -43. Let j(p) = p**2 - 10*p + 17. Let k = 13 - 4. Let s be j(k). Calculate the highest common factor of x and s.
8
Let c = 2389 - 2335. Suppose -22 = -3*p - r, 0*r + 32 = 2*p + 5*r. What is the greatest common divisor of c and p?
6
Let s(n) = -188*n - 186*n - 496 + 399*n. Let q be s(22). Let v = -12 + 18. Calculate the highest common divisor of q and v.
6
Suppose -4*z = -5*y - 0*y + 288, -2*y - 5*z = -135. Let u = y + -33. Let m be (10/(-4))/(37/(-1998)). What is the greatest common divisor of m and u?
27
Suppose -2*o + 175*b = 180*b, -3*o + 2*b + 38 = 0. Calculate the highest common factor of o and 6600.
10
Let o be 170/7 - (-2)/(-7). Let v = 839 + -828. Suppose -141 + 537 = v*z. Calculate the greatest common factor of o and z.
12
Suppose 4 = -2*d, -2*f + 3*f - 11 = 3*d. Suppose -x = f*x - 198. What is the highest common factor of 132 and x?
33
Suppose 3*n = -6*y + y, -28 = -y + 5*n. Let s = 194 + -137. What is the highest common divisor of s and y?
3
Let v be (0 - (-1122)/(-4))/((-96)/512). What is the greatest common divisor of 935 and v?
187
Let v(t) = -1133*t**3 - t**2 - 7*t - 5. Let u be v(-1). What is the highest common divisor of 322 and u?
14
Let d be 2*(888/(-112) + 7)*-7. Calculate the greatest common divisor of 4849 and d.
13
Let x be 3 - -1 - 0/(-1). Suppose -w = -x*g + 17, -2*g + 3*w = -2*w - 31. Let u be (g/9)/(2/12*1). What is the highest common factor of u and 6?
2
Let s = 22932 - 22564. What is the highest common divisor of 4968 and s?
184
Let l = 23 - 21. Let t be 26 + 0 + -3 + l/(-2). Calculate the highest common factor of t and 121.
11
Let q = 384 + -246. Let k = q - 136. Suppose n - 5 = 3. Calculate the greatest common factor of k and n.
2
Let m(j) = 4*j - 4. Let c be m(2). Suppose 5*t = 3*l - 76, 5*t = c*l - 2*l - 49. Calculate the greatest common divisor of l and 72.
9
Suppose 92654 + 395285 = 9*k - 27752. What is the highest common divisor of 11 and k?
11
Let h = -7385 + 7407. What is the highest common divisor of 15818 and h?
22
Suppose 5*b - b - 79 = -3*h, 5*b - 4*h = 122. Suppose w - 28 = -b. Calculate the highest common divisor of w and 3.
3
Let o(z) = -185*z - 77. Let i be o(-5). Let f = -703 + 756. What is the greatest common factor of f and i?
53
Suppose -4*r - 363 = -1795. Suppose -r - 1644 = -13*s. Calculate the highest common factor of 28 and s.
14
Let l be (-159)/(-4) + (63/36)/7. Suppose 0 = l*g - 38*g - 56. What is the greatest common divisor of g and 140?
28
Suppose -p + 372 = 36. Let k be (-6 - -32) + (0 - 5). Calculate the highest common divisor of k and p.
21
Suppose 5*q = z + 3, -39 = -z - 1298*q + 1297*q. What is th